he prime factors of 0/3 - -1*40.
2, 5
Suppose 0 = -2*m - 3*r + 14, 5*m = 3*r + 2*r + 60. Suppose 0 = -n - s, 3*s - m + 24 = 4*n. Let k(y) = 2*y**2 - 4*y + 3. What are the prime factors of k(n)?
3
What are the prime factors of 2/4 + 66/4?
17
Let t(x) = -2*x + 10. What are the prime factors of t(0)?
2, 5
Suppose -2*o = 2*o - 124. Suppose 4*z + 4 = -i + z, -4*z = -i + o. Let l = i + 0. What are the prime factors of l?
11
List the prime factors of (-3)/((-1)/(-5) + (-222)/960).
2, 3
Let j(f) = 6 + f**3 + 0*f**3 + 0 + 0*f**3 - 6*f**2 + 4*f. Let o be j(5). Suppose -4*p + 15 = -o. What are the prime factors of p?
2
Let y be 0/(2/2) + 2. Let b(s) = -23 + 4*s + 11 + 13. What are the prime factors of b(y)?
3
Let p(s) = 7*s + 1. Let i be p(1). Let w(m) be the first derivative of m**3/3 - 7*m**2/2 - 5. What are the prime factors of w(i)?
2
Let k(x) = 44*x**2 - x + 2. What are the prime factors of k(1)?
3, 5
Let f be (2 - 14/6)*3. Let k be 9/(f + 2 - 2). Let y = 16 + k. List the prime factors of y.
7
Let y be (4/6)/(4/156). Let p be (-3 - y/(-10))*-10. Suppose p*b + 70 = 3*s, -5*b + 4*b + 50 = 3*s. What are the prime factors of s?
2, 3
Let t(q) = -q**2 - 6*q - 1. Let z(p) = 1. Let f(v) = -t(v) + z(v). List the prime factors of f(-7).
3
Let d(n) = 4*n**2 + 2*n**2 - 6 - 5*n**2 + 2 - 3*n. List the prime factors of d(-4).
2, 3
Let b(s) = s**3 - 16*s**2 - 6*s + 19. List the prime factors of b(17).
2, 103
Let o(u) = u**3 + 4*u**2 + 4. Let y be o(-4). Suppose -11 - 2 = -g. Let r = g - y. What are the prime factors of r?
3
Let b(k) = 4*k**2 - 3*k. Let m be b(2). Let p = m + -8. Suppose 2*c = -p*c + 56. List the prime factors of c.
2, 7
Let z(m) = 3*m**2 - 2*m - 11. Let t(b) = 10*b**2 - 6*b - 34. Let v(k) = -2*t(k) + 7*z(k). List the prime factors of v(-6).
3, 13
Let i(d) = 11*d + 8. What are the prime factors of i(5)?
3, 7
Suppose -5*v + 185 - 17 = -4*z, 45 = v + 3*z. List the prime factors of v/10 + 6/15.
2
Let r(f) = f - 5. Let m be r(5). Suppose -b = 4*v - 33, 4*v - b + 7 - 30 = m. List the prime factors of v.
7
Suppose v - 22 = -0*v. Let t be (-2)/(-3) - (-200)/(-12). Let p = v + t. List the prime factors of p.
2, 3
Let s = 8 - 12. Let a = s + 26. List the prime factors of a.
2, 11
Let q = -69 + 133. List the prime factors of q.
2
Let o(z) = z**2 - z. List the prime factors of o(-5).
2, 3, 5
What are the prime factors of (2*2/2)/((-42)/(-861))?
41
Let m(s) = s**2 - 5*s + 2. List the prime factors of m(5).
2
Suppose 5 - 1 = q. Suppose q*v + 56 = 4*y, 5*v + 2 = -2*y + 30. List the prime factors of y.
2, 7
Let u(m) = -m**3 + 2*m**2 - m + 7. What are the prime factors of u(-4)?
107
Suppose -y - 1 = -2*y. Let g(u) = u**2 - 2*u - 1. Let p be g(3). What are the prime factors of 2 - y*(p - 2)?
2
Let m(u) = u**2 - 7*u + 6. Let o be m(6). Suppose k - 5*f = 16, o = k - 0*k - 2*f - 28. List the prime factors of k.
2, 3
Let p(b) = 2*b**2 + 7*b - 25. What are the prime factors of p(10)?
5, 7
Let g = 101 + -30. List the prime factors of g.
71
Let s = 146 + -71. What are the prime factors of s?
3, 5
Suppose -4*l = 3*w - 156, 3*l - 52 = 4*w - 235. Suppose 0*t = -3*t + w. What are the prime factors of t?
2
Let w be ((-8)/20)/(1/(-10)). List the prime factors of (24/w*-5)/(-1).
2, 3, 5
Let x be (-2)/1 - 10/(-2). What are the prime factors of (1 - 1) + (x - -15)?
2, 3
Let k(c) = -c**2 - c**3 + 7 - 2*c**2 + 0*c**2 - 8*c**2. What are the prime factors of k(-11)?
7
Suppose 3*j - 120 = j. List the prime factors of j.
2, 3, 5
Let a = -38 - -23. Let d be 81/a - 2/(-5). Let k = 0 - d. List the prime factors of k.
5
Let w(q) = 2*q**2 - 6*q - 6. Let j be w(5). Suppose k - j = -k. List the prime factors of 2 - (k + -2) - -18.
3, 5
Let w(a) = -3*a**2 + 14*a + 23. Suppose -2*d = 2 + 2. Let k(j) = -j**2 + 5*j + 8. Let o(m) = d*w(m) + 7*k(m). List the prime factors of o(8).
2
Let s = -2 - -4. Suppose -5*p + 3*g = -38, 3*g - 4 = -p - 0*g. Let l = p - s. List the prime factors of l.
5
What are the prime factors of (44 + -5 + 5)/1?
2, 11
Suppose -2*s + 2*q - 12 = 0, -5*s + 6*q - 3*q = 28. Let k(u) = u**2 + 3*u - 2. Let i be k(s). Let h = i + 5. What are the prime factors of h?
13
Suppose -5*w - 2 = 3*x - 12, 0 = -4*x. Suppose 2*g + 0 = -2*m + w, -8 = -3*m + 2*g. What are the prime factors of m?
2
Suppose -5*q + j + 86 = 0, -5*j + 63 = 3*q + q. Let f = -9 + q. List the prime factors of (f - -1) + 1 + 1.
11
Let b = -1 + 2. Suppose 4*y - b = -3*q, 5 - 13 = 4*y. Suppose 2 = -q*g + 14. What are the prime factors of g?
2
Let b = 3 + -1. Let o(n) = 5*n**3 - 3*n**2 + 3*n - 2. Let f be o(b). Suppose 1 = 3*p - f. List the prime factors of p.
11
Let d = -2 + 4. Let z be 0*3/12*d. Suppose z = -3*s + g + 25, -4*g - 20 = -3*s - s. What are the prime factors of s?
2, 5
Suppose 0*c + 35 = 5*c. List the prime factors of c.
7
Let p(g) = 8*g**2 - 3*g. Let a = -15 - -17. List the prime factors of p(a).
2, 13
List the prime factors of 74/4 - (-3)/2.
2, 5
Suppose 0 = m, -3*m + 118 = r + r. What are the prime factors of r?
59
Suppose -j = -2*j + 3. Suppose 3 = -j*l + 4*l. What are the prime factors of l?
3
Suppose 0 = -3*b + s + 68, -b + 19 = 5*s - 25. Suppose 0*k = 4*k - b. What are the prime factors of k?
2, 3
Let n be (-4)/14 - (-12)/42. Let t(z) = z**2 - 4*z - 8. Let l be t(6). Suppose n = f + l*f - 45. What are the prime factors of f?
3
Let y = -46 - -73. What are the prime factors of y?
3
Suppose -2*v - 8*y + 4*y + 64 = 0, 5*v - 133 = -y. Suppose 0*m = -2*m + v. Suppose 2*l + g = 29, -2*g - 3*g + m = -l. List the prime factors of l.
2, 3
Suppose 28 = 7*v - 6*v. List the prime factors of v.
2, 7
Let g(a) = -5 + 3*a + a**2 - 16 - 12*a**2 + 5 + a**3. What are the prime factors of g(11)?
17
Suppose 3*j - 55 = -2*x, 7 = 3*j - 8. Let o be 1*-13*1*-2. Suppose 2*g - x = o. What are the prime factors of g?
23
Let r be 16/(-6)*(-9)/6. Suppose 2*w = -2*w, -y = -r*w. List the prime factors of (0 + -3)*(y - 1).
3
Suppose 3*j - j = -3*y - 317, -4*j - 313 = 3*y. Let s = -62 - y. Let x = 63 - s. What are the prime factors of x?
2, 3
Suppose 4*o - 190 = -x, -o - o - 2*x = -98. What are the prime factors of o?
47
Suppose -3*o = 2*f + 79, -4*o - 2*f = 80 + 28. Let h = o + 45. What are the prime factors of h?
2
Let r = -1 - -1. Suppose 4*u + 2*q - 37 = 15, -u - 3*q + 3 = r. Let t = u + -9. What are the prime factors of t?
2, 3
Let k be (4/(-10))/((-2)/(-10)). What are the prime factors of (k/(-4))/((-5)/(-110))?
11
Let f be -30*(0 + 6/(-15)). Suppose 0 = -3*c + 3 + f. List the prime factors of c.
5
Suppose -6*b - 2*y + 9 = -5*b, 5*y + 27 = 2*b. What are the prime factors of b?
11
Suppose 0*o + 4 = o. Suppose y + 5*t = 6, 0 = 5*y + o*t - 0*t - 30. Suppose 2*m + y - 14 = 0. List the prime factors of m.
2
Suppose -3*o = -o + 4. Let s be 2 + o/(-2)*-1. Let q(k) = 7*k**3 + k**2 + k - 1. What are the prime factors of q(s)?
2
Let y = -29 - -4. Let w be 2/10 + 30/y. Let l(u) = 7*u**2. List the prime factors of l(w).
7
Let a be 4/(-1)*6/8. Let k = a - -5. Let n = 7 - k. What are the prime factors of n?
5
Suppose b = -4*h + 21, -3*h - 27 - 6 = -3*b. What are the prime factors of 340/b - (-12)/(-78)?
2, 13
Suppose -5*v - 33 = 47. What are the prime factors of ((-20)/v)/(2/16)?
2, 5
Suppose -2*o = -2*v + 50, -2*o - 2*o = v - 25. What are the prime factors of v?
5
Let g(t) = -t**3 + 5*t**2. Let r be g(5). Let h = -7 + 12. Let l = h + r. What are the prime factors of l?
5
Suppose y = 3*i - 310, -5*i = 5*y - y - 511. List the prime factors of i.
103
Let w = 8 + -4. Let k be w + -2 - (1 + -21). Suppose -a - k = -3*x - 0*a, -5*x + a = -36. What are the prime factors of x?
7
Let h(d) = -2*d + 1. Let g be h(1). Let x be ((-1)/3)/(g/12). Suppose x*w - 9 = -1. List the prime factors of w.
2
List the prime factors of -30*2*(-2)/4.
2, 3, 5
Suppose 0 = -2*i - i + 6. Suppose -i*h - h = -36. What are the prime factors of h?
2, 3
Suppose 0 = -2*x + 4*x. What are the prime factors of -1*(-3 + x + -8)?
11
Let x(r) = 3*r + 10. Let j(v) = 1. Let s(c) = 2*j(c) - x(c). List the prime factors of s(-7).
13
Let b = 29 - 8. Suppose 0 = -5*r - 10, 0 = -4*s + 3*r + b - 7. List the prime factors of s.
2
Suppose v - 5 = -2*a - 2, v - 3 = 5*a. Suppose a = -g - u + 49, 2*g - 94 = -u + 3*u. What are the prime factors of g?
2, 3
Suppose -4*t = -v, 4*t = 2*v + 2*v. Suppose